s the remainder when 123 is divided by 9?
6
What is the remainder when 786 is divided by 132?
126
Calculate the remainder when 528 is divided by 262.
4
Calculate the remainder when 324 is divided by 87.
63
Calculate the remainder when 2919 is divided by 40.
39
What is the remainder when 529 is divided by 77?
67
What is the remainder when 82 is divided by 22?
16
What is the remainder when 229 is divided by 53?
17
What is the remainder when 214 is divided by 99?
16
What is the remainder when 1185 is divided by 99?
96
Calculate the remainder when 104 is divided by 7.
6
Calculate the remainder when 76 is divided by 18.
4
Calculate the remainder when 8532 is divided by 44.
40
Calculate the remainder when 415 is divided by 127.
34
Calculate the remainder when 296 is divided by 30.
26
Calculate the remainder when 490 is divided by 28.
14
Calculate the remainder when 377 is divided by 41.
8
What is the remainder when 122 is divided by 24?
2
Calculate the remainder when 288 is divided by 65.
28
What is the remainder when 48 is divided by 28?
20
Calculate the remainder when 4461 is divided by 9.
6
What is the remainder when 1659 is divided by 52?
47
What is the remainder when 382 is divided by 30?
22
Calculate the remainder when 275 is divided by 122.
31
Calculate the remainder when 1489 is divided by 10.
9
What is the remainder when 346 is divided by 186?
160
What is the remainder when 522 is divided by 21?
18
What is the remainder when 543 is divided by 109?
107
What is the remainder when 36 is divided by 25?
11
Calculate the remainder when 705 is divided by 162.
57
What is the remainder when 156 is divided by 57?
42
What is the remainder when 15 is divided by 13?
2
What is the remainder when 845 is divided by 7?
5
Calculate the remainder when 4159 is divided by 80.
79
Calculate the remainder when 281 is divided by 141.
140
Calculate the remainder when 180 is divided by 151.
29
Calculate the remainder when 2551 is divided by 55.
21
What is the remainder when 63 is divided by 55?
8
What is the remainder when 133 is divided by 34?
31
Calculate the remainder when 1094 is divided by 73.
72
Calculate the remainder when 164 is divided by 50.
14
What is the remainder when 4287 is divided by 64?
63
What is the remainder when 81 is divided by 21?
18
What is the remainder when 888 is divided by 113?
97
Calculate the remainder when 34 is divided by 14.
6
What is the remainder when 1905 is divided by 36?
33
What is the remainder when 601 is divided by 107?
66
What is the remainder when 846 is divided by 34?
30
What is the remainder when 193 is divided by 25?
18
What is the remainder when 1659 is divided by 76?
63
What is the remainder when 1229 is divided by 15?
14
What is the remainder when 336 is divided by 121?
94
What is the remainder when 69 is divided by 6?
3
What is the remainder when 436 is divided by 38?
18
What is the remainder when 3381 is divided by 47?
44
What is the remainder when 26 is divided by 8?
2
What is the remainder when 5344 is divided by 7?
3
What is the remainder when 357 is divided by 63?
42
Calculate the remainder when 1154 is divided by 61.
56
What is the remainder when 163 is divided by 12?
7
What is the remainder when 147 is divided by 46?
9
Calculate the remainder when 631 is divided by 123.
16
Calculate the remainder when 628 is divided by 63.
61
Calculate the remainder when 520 is divided by 97.
35
What is the remainder when 247 is divided by 11?
5
Calculate the remainder when 769 is divided by 20.
9
What is the remainder when 105 is divided by 46?
13
Calculate the remainder when 2671 is divided by 27.
25
Calculate the remainder when 1765 is divided by 26.
23
What is the remainder when 1974 is divided by 181?
164
What is the remainder when 402 is divided by 89?
46
Calculate the remainder when 1121 is divided by 47.
40
Calculate the remainder when 33 is divided by 26.
7
What is the remainder when 145 is divided by 38?
31
What is the remainder when 212 is divided by 44?
36
What is the remainder when 839 is divided by 20?
19
What is the remainder when 7642 is divided by 14?
12
What is the remainder when 98 is divided by 86?
12
Calculate the remainder when 266 is divided by 16.
10
Calculate the remainder when 35 is divided by 33.
2
What is the remainder when 98 is divided by 33?
32
What is the remainder when 22 is divided by 6?
4
What is the remainder when 219 is divided by 20?
19
Calculate the remainder when 25 is divided by 22.
3
What is the remainder when 1153 is divided by 55?
53
Calculate the remainder when 2189 is divided by 254.
157
What is the remainder when 6548 is divided by 3270?
8
Calculate the remainder when 65 is divided by 20.
5
Calculate the remainder when 363 is divided by 83.
31
Calculate the remainder when 2242 is divided by 31.
10
What is the remainder when 126 is divided by 23?
11
What is the remainder when 467 is divided by 67?
65
What is the remainder when 5234 is divided by 97?
93
What is the remainder when 104 is divided by 27?
23
What is the remainder when 410 is divided by 138?
134
What is the remainder when 487 is divided by 240?
7
Calculate the remainder when 135 is divided by 19.
2
What is the remainder when 373 is divided by 20?
13
Calculate the remainder when 332 is divided by 34.
26
Calculate the remainder when 252 is divided by 33.
21
Calculate the remainder when 504 is divided by 23.
21
What is the remainder when 804 is divided by 31?
29
What is the remainder when 2375 is divided by 789?
8
What is the remainder when 347 is divided by 9?
5
Calculate the remainder when 136 is divided by 14.
10
Calculate the remainder when 321 is divided by 106.
3
What is the remainder when 249 is divided by 61?
5
Calculate the remainder when 65 is divided by 22.
21
What is the remainder when 53 is divided by 45?
8
What is the remainder when 2143 is divided by 143?
141
What is the remainder when 2854 is divided by 8?
6
Calculate the remainder when 638 is divided by 10.
8
What is the remainder when 75 is divided by 29?
17
What is the remainder when 603 is divided by 6?
3
Calculate the remainder when 431 is divided by 201.
29
Calculate the remainder when 361 is divided by 7.
4
Calculate the remainder when 489 is divided by 123.
120
Calculate the remainder when 58 is divided by 31.
27
What is the remainder when 135 is divided by 70?
65
Calculate the remainder when 3049 is divided by 1014.
7
What is the remainder when 342 is divided by 23?
20
What is the remainder when 188 is divided by 12?
8
Calculate the remainder when 426 is divided by 25.
1
What is the remainder when 242 is divided by 10?
2
Calculate the remainder when 2254 is divided by 751.
1
Calculate the remainder when 1319 is divided by 25.
19
Calculate the remainder when 31 is divided by 4.
3
What is the remainder when 2140 is divided by 30?
10
Calculate the remainder when 127 is divided by 39.
10
Calculate the remainder when 67 is divided by 46.
21
Calculate the remainder when 201 is divided by 30.
21
What is the remainder when 158 is divided by 12?
2
What is the remainder when 1007 is divided by 14?
13
What is the remainder when 3619 is divided by 212?
15
What is the remainder when 1725 is divided by 118?
73
What is the remainder when 2826 is divided by 26?
18
Calculate the remainder when 1941 is divided by 6.
3
What is the remainder when 41 is divided by 33?
8
What is the remainder when 5125 is divided by 5117?
8
What is the remainder when 1072 is divided by 11?
5
Calculate the remainder when 263 is divided by 57.
35
Calculate the remainder when 545 is divided by 79.
71
What is the remainder when 112 is divided by 39?
34
What is the remainder when 432 is divided by 196?
40
What is the remainder when 328 is divided by 26?
16
Calculate the remainder when 224 is divided by 15.
14
Calculate the remainder when 427 is divided by 52.
11
What is the remainder when 256 is divided by 6?
4
Calculate the remainder when 634 is divided by 152.
26
Calculate the remainder when 987 is divided by 207.
159
Calculate the remainder when 158 is divided by 11.
4
What is the remainder when 861 is divided by 297?
267
What is the remainder when 1731 is divided by 65?
41
Calculate the remainder when 189 is divided by 6.
3
What is the remainder when 5016 is divided by 29?
28
Calculat